*2 + m**3. Let o be 33/(-7) - 6/21. What is the units digit of p(o)?
7
What is the thousands digit of 1/12*(-64)/(-12) + (-19277090)/(-630)?
0
Let w = 6727 - 2794. Suppose 0 = -6*z + 1269 + w. What is the hundreds digit of z?
8
Let f = -557 + 7353. What is the tens digit of f?
9
Let s(c) = -c**2 - 7*c + 3. Suppose -3*g + 39 = 15. Let l be s(g). Let z = l - -311. What is the tens digit of z?
9
Suppose -3*s + 4*j = 0, s - 16 = -3*j - j. Suppose 2*l = -2*n + 438, -30 = 5*l + 4*n - 1128. Suppose -198 = -s*r + l. What is the tens digit of r?
0
Let w(g) = 269*g**2 - 78*g - 355. What is the units digit of w(-5)?
0
Let y(r) = -r**2 + 7*r - 70. Let u be y(24). Let z = 1185 + u. What is the hundreds digit of z?
7
Let n be (2/(-6))/(3/9). What is the hundreds digit of n + 594 + -19 + 19?
5
Suppose -p = -4*g - 12, -7 = 2*g - 3. Suppose 3*k = -k + p*i - 32, 0 = k - 5*i + 16. What is the tens digit of (-176)/k - 13/39?
2
Suppose -2*p + 10 = 3*t - 15, -4*p + 47 = 5*t. Let h(c) = 2*c + 7. Let r be h(p). Suppose 58 + r = 3*z. What is the units digit of z?
7
Let a = -103653 + 156028. What is the units digit of a?
5
Let f be -2 + 3 + 3 + 8. Suppose -10*n = -f*n + 6. Suppose 4*v + 419 = 3*l, 0 = 2*v - n + 7. What is the tens digit of l?
3
Suppose 0 = -5*r + 3*q + 17955, 5*r - 14*q + 15*q - 17935 = 0. What is the tens digit of r?
8
Suppose -6*d + d - 1673 = 4*o, 0 = 3*d + 5*o + 996. Let b = d + 569. What is the tens digit of -5*b/(-12)*3?
9
Suppose -3*k = -2*u + 58379, -7*k + 12*k = 3*u - 87569. Suppose -27*m + 8288 + u = 0. What is the tens digit of m?
8
Let q(u) = -2158*u**3 - 2*u**2 - 3*u - 1. Let t be q(-1). Suppose 37*h = 24*h + t. What is the units digit of h?
6
Suppose -3*g - r - 71 = 0, 4*r = 5 - 13. Let i = g + 462. What is the hundreds digit of i?
4
What is the hundreds digit of ((-9488325)/10)/(-55) - -2*6/(-8)?
2
Let c be 3 - (4 + -1 - (-1 + 45)). Let a be (-1 - -1) + c/11. Suppose 13*n + a*n = 4267. What is the hundreds digit of n?
2
Let s(h) = -h**3 + 4*h**2 + h + 1. Let o be s(3). Suppose -o = 2*b - 5*u, 0 = 4*b + 4*u + 28 + 12. What is the units digit of (-896)/(-18) - 2/b?
0
Let a(l) = 5*l - 20. Let t be a(14). Let m(f) = 27*f - 95. What is the hundreds digit of m(t)?
2
Let o be (-14)/(-49)*-1 - 2/(-7). Suppose 2*n + 5*y = 7*y + 946, o = -n - y + 481. What is the tens digit of n?
7
Suppose 3195192 = 61*z + 205*z. What is the thousands digit of z?
2
Let r(k) = -211*k**2 + 107*k**2 - 46*k**3 + 109*k**2 - 4 - k. What is the units digit of r(-2)?
6
Let v = -98 + 98. Suppose -4*b = 2*g - 11 - 1, -b + 14 = -5*g. Suppose -b*l + 20 = 0, 5*n + 3*l - 89 - 591 = v. What is the hundreds digit of n?
1
Suppose 5*r - 2*r = -3*v + 21, -4 = -2*r. Let x be 14/5 - 2/(-10). Suppose 193 = a + 4*a + x*y, 0 = v*y + 20. What is the units digit of a?
1
Let i(f) = 3*f**2 + 3*f + 3. Let d be i(-1). Suppose s + 3*q - 8 = -2*q, 4*q = d*s - 5. Suppose -s*x + u = 4*u, -5*u - 1 = 4*x. What is the units digit of x?
1
Suppose -3*q - 24 = b - 6*b, 0 = 2*b + 4*q + 6. Let o be -29 + 28 - b/(-1). Suppose 3*c + o*c - 3*n = 431, c - 2*n = 82. What is the tens digit of c?
8
Suppose -18*r + 360535 - 49837 = 0. What is the units digit of r?
1
Suppose 7755 = -12*p - 1233. Let n = p + 1269. What is the hundreds digit of n?
5
Let z = -55 - -54. Let b(l) = 145*l**2 - 2*l - 1. Let x be b(z). Let j = -93 + x. What is the units digit of j?
3
Let y(d) = 922*d - 248. What is the ten thousands digit of y(19)?
1
Let r be (1 + 0)/(3/9). Suppose s + r = -0. What is the units digit of 400/24*s/(-2)?
5
Let d(l) = -l**2 + 17*l - 61. Let k be d(6). Suppose -k*y = 3 + 2, 3*y = -r + 352. What is the hundreds digit of r?
3
Suppose -7*h - 158 = -9*h. Suppose -17 = -3*j + h. Let x = j - 1. What is the tens digit of x?
3
Let k(w) be the first derivative of w**4/4 - 2*w**3 - 5*w**2/2 - 11*w - 27. Let d be k(7). What is the units digit of (-9)/(45/20) + d*11?
9
Let g be 51/(-9) - -6 - (-188)/(-6). What is the tens digit of g/((-1)/(66/6))?
4
What is the thousands digit of ((-6)/9)/(14/6783)*-7?
2
Let l(q) = q**3 - 16*q**2 - 15*q - 54. Let t(x) = -3*x + 36. Let c be t(6). What is the tens digit of l(c)?
2
Suppose -2447*n + 2435*n + 158472 = 0. What is the units digit of n?
6
Let p = 116 + -62. Let d = p - 54. Suppose d = -4*q + 52 + 116. What is the units digit of q?
2
Suppose 0 = -6*u + 10*u + 5*g - 55, -5*g - 20 = -u. Suppose 0 = -2*s - u*s + 2006. What is the units digit of s?
8
Let c(z) = z**3 + 42*z**2 + 145*z + 2. What is the tens digit of c(-25)?
0
Let f = 6546 - 3653. What is the hundreds digit of f?
8
Suppose 2*m - 19 = -2*z + 3, 0 = 3*z - 3*m - 63. Suppose 0 = 13*i - z*i + 3*c + 4908, 4*c - 4 = 0. What is the thousands digit of i?
1
Suppose 0 = -s - 4, -35*u - 148208 = -40*u - 3*s. What is the tens digit of u?
4
Suppose -5210 = -5*w + 2*h + 3*h, -2*h - 4 = 0. Suppose 0 = 27*f - 31*f - w. Let r = f + 393. What is the units digit of r?
3
Let g(b) = 3*b**2 + b. Let s be g(-1). Suppose -s*d - 19 = -39. What is the tens digit of d?
1
Let g = -13 - -5. Let r(s) = -s**3 - 8*s**2 + 3*s - 8. Let b be r(g). What is the units digit of 4/(b/36)*(-138)/9?
9
Suppose a + 7260 = 23*a. Let h = 677 - a. What is the hundreds digit of h?
3
Let t = 43 - 40. Suppose -5*g = t*y + y - 8, -4*y = -g - 8. Suppose -y*p + 0*p - 5*x + 81 = 0, 0 = -3*p - 3*x + 99. What is the units digit of p?
8
Let d(c) = c**3 + 26*c**2 - 40*c - 10. Let f be d(-30). Let w = -1557 - f. What is the tens digit of w?
5
Let a(m) = -m**3 + 2*m**2 - 17*m + 28. Let u be a(-11). Let r = u + -1259. What is the hundreds digit of r?
5
Suppose 8*x - 4*x = -216. Suppose 28*n - 2747 = -3615. Let z = n - x. What is the units digit of z?
3
Let a be (-3*2/(-12))/(-1)*562. Let u = a - -966. What is the tens digit of u?
8
Suppose -4*u = u - 5*i - 105, 76 = 4*u + 4*i. Suppose 0 = 3*n + 3*a - 648, 0 = 5*a - u - 5. What is the hundreds digit of n?
2
Let c(a) = -a**3 + 19*a**2 + 20*a + 19. Let w be c(20). Suppose -25*q = -w*q + 54. What is the units digit of (-879)/(-9) - (-6)/q?
7
Suppose -90*p + 863454 = -585412 + 26056. What is the units digit of p?
9
Suppose -2493*x = -2502*x + 12312. What is the thousands digit of x?
1
Suppose 93*f = 1182114 - 651185 + 1006733. What is the thousands digit of f?
6
Let u(m) = -m**2 + 7*m - 3. Suppose 10 = 40*n - 38*n. Let q be u(n). Suppose -5*c - 140 = -q*c. What is the tens digit of c?
7
Suppose -2*t + 84041 = -11095. What is the thousands digit of t?
7
Suppose 80*v - 79*v - 11 = 0. Suppose -v*h - 5*h = -496. Let y = 21 + h. What is the tens digit of y?
5
Let d(l) = -151*l - 19. Let s = -137 - -131. What is the units digit of d(s)?
7
Let z(p) = -4*p + 122. Let v be z(28). What is the hundreds digit of (8/40)/(-1) + 3722/v?
3
Let g(l) = -l + 37*l**3 - 7*l**2 - 3 + 21*l**3 - 1 + 6. What is the hundreds digit of g(2)?
4
Suppose -10 = 26*x - 31*x. Suppose 0 = x*q + 1 - 11. Suppose -2*m = -3*o + 568, 3*o - q*m = -m + 560. What is the tens digit of o?
9
Let m(t) = 5*t**2 - 5*t + 15. Suppose 18*p = 23*p - 25. What is the hundreds digit of m(p)?
1
Let p be 5/(165/(-3608))*6/(-4). What is the units digit of ((-9)/(-6) - 7/14)*p?
4
Let w(r) = -5*r + 5. Let u(d) be the first derivative of 3*d**2/2 + 21*d + 10. Let z be u(-8). What is the tens digit of w(z)?
2
Let t(x) = 5064*x - 6107. What is the hundreds digit of t(9)?
4
Suppose 3*s + 5*q - 459 = -0*q, -4*s + 5*q + 612 = 0. Suppose -11*i = -8*i - s. What is the tens digit of i?
5
Let y(f) = -9*f + 26. Let w be y(3). What is the tens digit of (-8 + 2)/w*(-1035)/(-27)?
3
Let z(u) = u**3 - 62*u**2 - 49*u + 629. What is the units digit of z(64)?
5
Let d(k) = -k - 1. Let f(q) = 34*q - 50. Let w(i) = -3*d(i) + f(i). What is the tens digit of w(3)?
6
Let j = 2215 + -1576. Let i = -402 + j. What is the hundreds digit of i?
2
Suppose 0 = -3*h - 78 + 93, -32501 = -3*l + 5*h. What is the thousands digit of l?
0
Let c(o) = -553*o - 546. What is the hundreds digit of c(-10)?
9
Let h(z) = -z**3 - 25*z**2 - 176*z. What is the hundreds digit of h(-34)?
3
What is the thousands digit of (-15 + 0)/((-15)/51660*18)?
2
Suppose 3*d - 5*u + 10 = 0, -2*u + 7*u = 25. Suppose 6*i - 433 = d*i. What is the units digit of i?
3
Let y be (-1780)/9 - 44/198. Let o = 533 + y. What is the tens digit of o?
3
Let a(r) = -5*r**